{"version":"1.0","provider_name":"Jornal da Bairrada","provider_url":"https:\/\/www.jb.pt","author_name":"Pedro F. Costa","author_url":"https:\/\/www.jb.pt\/author\/pedrofcosta\/","title":"Detidos por crime de roubo - Jornal da Bairrada","type":"rich","width":600,"height":338,"html":"<blockquote class=\"wp-embedded-content\" data-secret=\"qavCRVHE2p\"><a href=\"https:\/\/www.jb.pt\/2014\/10\/detidos-por-crime-de-roubo\/\">Detidos por  crime de roubo<\/a><\/blockquote><iframe sandbox=\"allow-scripts\" security=\"restricted\" src=\"https:\/\/www.jb.pt\/2014\/10\/detidos-por-crime-de-roubo\/embed\/#?secret=qavCRVHE2p\" width=\"600\" height=\"338\" title=\"&#8220;Detidos por  crime de roubo&#8221; &#8212; Jornal da Bairrada\" data-secret=\"qavCRVHE2p\" frameborder=\"0\" marginwidth=\"0\" marginheight=\"0\" scrolling=\"no\" class=\"wp-embedded-content\"><\/iframe><script type=\"text\/javascript\">\n\/* <![CDATA[ *\/\n\/*! This file is auto-generated *\/\n!function(d,l){\"use strict\";l.querySelector&&d.addEventListener&&\"undefined\"!=typeof URL&&(d.wp=d.wp||{},d.wp.receiveEmbedMessage||(d.wp.receiveEmbedMessage=function(e){var t=e.data;if((t||t.secret||t.message||t.value)&&!\/[^a-zA-Z0-9]\/.test(t.secret)){for(var s,r,n,a=l.querySelectorAll('iframe[data-secret=\"'+t.secret+'\"]'),o=l.querySelectorAll('blockquote[data-secret=\"'+t.secret+'\"]'),c=new RegExp(\"^https?:$\",\"i\"),i=0;i<o.length;i++)o[i].style.display=\"none\";for(i=0;i<a.length;i++)s=a[i],e.source===s.contentWindow&&(s.removeAttribute(\"style\"),\"height\"===t.message?(1e3<(r=parseInt(t.value,10))?r=1e3:~~r<200&&(r=200),s.height=r):\"link\"===t.message&&(r=new URL(s.getAttribute(\"src\")),n=new URL(t.value),c.test(n.protocol))&&n.host===r.host&&l.activeElement===s&&(d.top.location.href=t.value))}},d.addEventListener(\"message\",d.wp.receiveEmbedMessage,!1),l.addEventListener(\"DOMContentLoaded\",function(){for(var e,t,s=l.querySelectorAll(\"iframe.wp-embedded-content\"),r=0;r<s.length;r++)(t=(e=s[r]).getAttribute(\"data-secret\"))||(t=Math.random().toString(36).substring(2,12),e.src+=\"#?secret=\"+t,e.setAttribute(\"data-secret\",t)),e.contentWindow.postMessage({message:\"ready\",secret:t},\"*\")},!1)))}(window,document);\n\/\/# sourceURL=https:\/\/www.jb.pt\/wp-includes\/js\/wp-embed.min.js\n\/* ]]> *\/\n<\/script>\n","description":"A Pol\u00edcia Judici\u00e1ria, atrav\u00e9s do Departamento de Investiga\u00e7\u00e3o Criminal de Aveiro, deteve, na pen\u00faltima quinta-feira, nas zonas de \u00c1gueda e Albergaria-a-Velha, dois presum\u00edveis autores, de 25 e 19 anos, de um crime de roubo com arma de fogo. Segundo comunicado da PJ, o crime em investiga\u00e7\u00e3o teve lugar na madrugada do dia 27 de julho, [&hellip;]"}

A Polícia Judiciária, através do Departamento de Investigação Criminal de Aveiro, deteve, na penúltima quinta-feira, nas zonas de Águeda e Albergaria-a-Velha, dois presumíveis autores, de 25 e 19 anos, de um crime de roubo com arma de fogo. Segundo comunicado da PJ, o crime em investigação teve lugar na madrugada do dia 27 de julho, [&hellip;]
