{"version":"1.0","provider_name":"Jornal da Bairrada","provider_url":"https:\/\/www.jb.pt","author_name":"Oriana Pataco","author_url":"https:\/\/www.jb.pt\/author\/oriana-2\/","title":"Opini\u00e3o: Mamarrosa - a vila esquecida - Jornal da Bairrada","type":"rich","width":600,"height":338,"html":"<blockquote class=\"wp-embedded-content\" data-secret=\"vjzP8u2UZ0\"><a href=\"https:\/\/www.jb.pt\/2019\/01\/opiniao-mamarrosa-a-vila-esquecida\/\">Opini\u00e3o: Mamarrosa &#8211; a vila esquecida<\/a><\/blockquote><iframe sandbox=\"allow-scripts\" security=\"restricted\" src=\"https:\/\/www.jb.pt\/2019\/01\/opiniao-mamarrosa-a-vila-esquecida\/embed\/#?secret=vjzP8u2UZ0\" width=\"600\" height=\"338\" title=\"&#8220;Opini\u00e3o: Mamarrosa &#8211; a vila esquecida&#8221; &#8212; Jornal da Bairrada\" data-secret=\"vjzP8u2UZ0\" frameborder=\"0\" marginwidth=\"0\" marginheight=\"0\" scrolling=\"no\" class=\"wp-embedded-content\"><\/iframe><script type=\"text\/javascript\">\n\/* <![CDATA[ *\/\n\/*! This file is auto-generated *\/\n!function(d,l){\"use strict\";l.querySelector&&d.addEventListener&&\"undefined\"!=typeof URL&&(d.wp=d.wp||{},d.wp.receiveEmbedMessage||(d.wp.receiveEmbedMessage=function(e){var t=e.data;if((t||t.secret||t.message||t.value)&&!\/[^a-zA-Z0-9]\/.test(t.secret)){for(var s,r,n,a=l.querySelectorAll('iframe[data-secret=\"'+t.secret+'\"]'),o=l.querySelectorAll('blockquote[data-secret=\"'+t.secret+'\"]'),c=new RegExp(\"^https?:$\",\"i\"),i=0;i<o.length;i++)o[i].style.display=\"none\";for(i=0;i<a.length;i++)s=a[i],e.source===s.contentWindow&&(s.removeAttribute(\"style\"),\"height\"===t.message?(1e3<(r=parseInt(t.value,10))?r=1e3:~~r<200&&(r=200),s.height=r):\"link\"===t.message&&(r=new URL(s.getAttribute(\"src\")),n=new URL(t.value),c.test(n.protocol))&&n.host===r.host&&l.activeElement===s&&(d.top.location.href=t.value))}},d.addEventListener(\"message\",d.wp.receiveEmbedMessage,!1),l.addEventListener(\"DOMContentLoaded\",function(){for(var e,t,s=l.querySelectorAll(\"iframe.wp-embedded-content\"),r=0;r<s.length;r++)(t=(e=s[r]).getAttribute(\"data-secret\"))||(t=Math.random().toString(36).substring(2,12),e.src+=\"#?secret=\"+t,e.setAttribute(\"data-secret\",t)),e.contentWindow.postMessage({message:\"ready\",secret:t},\"*\")},!1)))}(window,document);\n\/\/# sourceURL=https:\/\/www.jb.pt\/wp-includes\/js\/wp-embed.min.js\n\/* ]]> *\/\n<\/script>\n","thumbnail_url":"https:\/\/www.jb.pt\/wp-content\/uploads\/2019\/01\/OPINI\u00c3O.png","thumbnail_width":1024,"thumbnail_height":458,"description":"Ars\u00e9lio Canas Membro do PSD na Assembleia Municipal de Oliveira do Bairro Enquanto membro da Assembleia Municipal de Oliveira do Bairro somos eleitos numa lista concelhia e, como tal, devemos defender o desenvolvimento de todo o concelho. No entanto e pedindo desculpa aos eleitores que nas \u00faltimas elei\u00e7\u00f5es aut\u00e1rquicas votaram no PSD para a Assembleia [&hellip;]"}

Opinião: Mamarrosa - a vila esquecida - Jornal da Bairrada

<blockquote class="wp-embedded-content" data-secret="vjzP8u2UZ0"><a href="https://www.jb.pt/2019/01/opiniao-mamarrosa-a-vila-esquecida/">Opinião: Mamarrosa &#8211; a vila esquecida</a></blockquote><iframe sandbox="allow-scripts" security="restricted" src="https://www.jb.pt/2019/01/opiniao-mamarrosa-a-vila-esquecida/embed/#?secret=vjzP8u2UZ0" width="600" height="338" title="&#8220;Opinião: Mamarrosa &#8211; a vila esquecida&#8221; &#8212; Jornal da Bairrada" data-secret="vjzP8u2UZ0" frameborder="0" marginwidth="0" marginheight="0" scrolling="no" class="wp-embedded-content"></iframe><script type="text/javascript">
/* <![CDATA[ */
/*! This file is auto-generated */
!function(d,l){"use strict";l.querySelector&&d.addEventListener&&"undefined"!=typeof URL&&(d.wp=d.wp||{},d.wp.receiveEmbedMessage||(d.wp.receiveEmbedMessage=function(e){var t=e.data;if((t||t.secret||t.message||t.value)&&!/[^a-zA-Z0-9]/.test(t.secret)){for(var s,r,n,a=l.querySelectorAll('iframe[data-secret="'+t.secret+'"]'),o=l.querySelectorAll('blockquote[data-secret="'+t.secret+'"]'),c=new RegExp("^https?:$","i"),i=0;i<o.length;i++)o[i].style.display="none";for(i=0;i<a.length;i++)s=a[i],e.source===s.contentWindow&&(s.removeAttribute("style"),"height"===t.message?(1e3<(r=parseInt(t.value,10))?r=1e3:~~r<200&&(r=200),s.height=r):"link"===t.message&&(r=new URL(s.getAttribute("src")),n=new URL(t.value),c.test(n.protocol))&&n.host===r.host&&l.activeElement===s&&(d.top.location.href=t.value))}},d.addEventListener("message",d.wp.receiveEmbedMessage,!1),l.addEventListener("DOMContentLoaded",function(){for(var e,t,s=l.querySelectorAll("iframe.wp-embedded-content"),r=0;r<s.length;r++)(t=(e=s[r]).getAttribute("data-secret"))||(t=Math.random().toString(36).substring(2,12),e.src+="#?secret="+t,e.setAttribute("data-secret",t)),e.contentWindow.postMessage({message:"ready",secret:t},"*")},!1)))}(window,document);
//# sourceURL=https://www.jb.pt/wp-includes/js/wp-embed.min.js
/* ]]> */
</script>

https://www.jb.pt/wp-content/uploads/2019/01/OPINIÃO.png

Arsélio Canas Membro do PSD na Assembleia Municipal de Oliveira do Bairro Enquanto membro da Assembleia Municipal de Oliveira do Bairro somos eleitos numa lista concelhia e, como tal, devemos defender o desenvolvimento de todo o concelho. No entanto e pedindo desculpa aos eleitores que nas últimas eleições autárquicas votaram no PSD para a Assembleia [&hellip;]
