{"version":"1.0","provider_name":"Jornal da Bairrada","provider_url":"https:\/\/www.jb.pt","author_name":"Catarina Cerca","author_url":"https:\/\/www.jb.pt\/author\/catarina\/","title":"Aguim: Cem anos de vitalidade e de muitas mem\u00f3rias - Jornal da Bairrada","type":"rich","width":600,"height":338,"html":"<blockquote class=\"wp-embedded-content\" data-secret=\"43zDtSzrRu\"><a href=\"https:\/\/www.jb.pt\/2025\/01\/aguim-cem-anos-de-vitalidade-e-de-muitas-memorias\/\">Aguim: Cem anos de vitalidade e de muitas mem\u00f3rias<\/a><\/blockquote><iframe sandbox=\"allow-scripts\" security=\"restricted\" src=\"https:\/\/www.jb.pt\/2025\/01\/aguim-cem-anos-de-vitalidade-e-de-muitas-memorias\/embed\/#?secret=43zDtSzrRu\" width=\"600\" height=\"338\" title=\"&#8220;Aguim: Cem anos de vitalidade e de muitas mem\u00f3rias&#8221; &#8212; Jornal da Bairrada\" data-secret=\"43zDtSzrRu\" frameborder=\"0\" marginwidth=\"0\" marginheight=\"0\" scrolling=\"no\" class=\"wp-embedded-content\"><\/iframe><script type=\"text\/javascript\">\n\/* <![CDATA[ *\/\n\/*! This file is auto-generated *\/\n!function(d,l){\"use strict\";l.querySelector&&d.addEventListener&&\"undefined\"!=typeof URL&&(d.wp=d.wp||{},d.wp.receiveEmbedMessage||(d.wp.receiveEmbedMessage=function(e){var t=e.data;if((t||t.secret||t.message||t.value)&&!\/[^a-zA-Z0-9]\/.test(t.secret)){for(var s,r,n,a=l.querySelectorAll('iframe[data-secret=\"'+t.secret+'\"]'),o=l.querySelectorAll('blockquote[data-secret=\"'+t.secret+'\"]'),c=new RegExp(\"^https?:$\",\"i\"),i=0;i<o.length;i++)o[i].style.display=\"none\";for(i=0;i<a.length;i++)s=a[i],e.source===s.contentWindow&&(s.removeAttribute(\"style\"),\"height\"===t.message?(1e3<(r=parseInt(t.value,10))?r=1e3:~~r<200&&(r=200),s.height=r):\"link\"===t.message&&(r=new URL(s.getAttribute(\"src\")),n=new URL(t.value),c.test(n.protocol))&&n.host===r.host&&l.activeElement===s&&(d.top.location.href=t.value))}},d.addEventListener(\"message\",d.wp.receiveEmbedMessage,!1),l.addEventListener(\"DOMContentLoaded\",function(){for(var e,t,s=l.querySelectorAll(\"iframe.wp-embedded-content\"),r=0;r<s.length;r++)(t=(e=s[r]).getAttribute(\"data-secret\"))||(t=Math.random().toString(36).substring(2,12),e.src+=\"#?secret=\"+t,e.setAttribute(\"data-secret\",t)),e.contentWindow.postMessage({message:\"ready\",secret:t},\"*\")},!1)))}(window,document);\n\/\/# sourceURL=https:\/\/www.jb.pt\/wp-includes\/js\/wp-embed.min.js\n\/* ]]> *\/\n<\/script>\n","thumbnail_url":"https:\/\/www.jb.pt\/wp-content\/uploads\/2025\/01\/Antonio-Rolo100-anos.jpg","thumbnail_width":1200,"thumbnail_height":630,"description":"Foi o utente n.\u00ba 1 da val\u00eancia de Centro de Dia, do Centro Social de Nossa Senhora do \u00d3 de Aguim. No dia em que completou cem anos de vida (15 de janeiro), Ant\u00f3nio Rolo regressou \u00e0 institui\u00e7\u00e3o para celebrar t\u00e3o significativa data."}

Aguim: Cem anos de vitalidade e de muitas memórias - Jornal da Bairrada

<blockquote class="wp-embedded-content" data-secret="43zDtSzrRu"><a href="https://www.jb.pt/2025/01/aguim-cem-anos-de-vitalidade-e-de-muitas-memorias/">Aguim: Cem anos de vitalidade e de muitas memórias</a></blockquote><iframe sandbox="allow-scripts" security="restricted" src="https://www.jb.pt/2025/01/aguim-cem-anos-de-vitalidade-e-de-muitas-memorias/embed/#?secret=43zDtSzrRu" width="600" height="338" title="&#8220;Aguim: Cem anos de vitalidade e de muitas memórias&#8221; &#8212; Jornal da Bairrada" data-secret="43zDtSzrRu" frameborder="0" marginwidth="0" marginheight="0" scrolling="no" class="wp-embedded-content"></iframe><script type="text/javascript">
/* <![CDATA[ */
/*! This file is auto-generated */
!function(d,l){"use strict";l.querySelector&&d.addEventListener&&"undefined"!=typeof URL&&(d.wp=d.wp||{},d.wp.receiveEmbedMessage||(d.wp.receiveEmbedMessage=function(e){var t=e.data;if((t||t.secret||t.message||t.value)&&!/[^a-zA-Z0-9]/.test(t.secret)){for(var s,r,n,a=l.querySelectorAll('iframe[data-secret="'+t.secret+'"]'),o=l.querySelectorAll('blockquote[data-secret="'+t.secret+'"]'),c=new RegExp("^https?:$","i"),i=0;i<o.length;i++)o[i].style.display="none";for(i=0;i<a.length;i++)s=a[i],e.source===s.contentWindow&&(s.removeAttribute("style"),"height"===t.message?(1e3<(r=parseInt(t.value,10))?r=1e3:~~r<200&&(r=200),s.height=r):"link"===t.message&&(r=new URL(s.getAttribute("src")),n=new URL(t.value),c.test(n.protocol))&&n.host===r.host&&l.activeElement===s&&(d.top.location.href=t.value))}},d.addEventListener("message",d.wp.receiveEmbedMessage,!1),l.addEventListener("DOMContentLoaded",function(){for(var e,t,s=l.querySelectorAll("iframe.wp-embedded-content"),r=0;r<s.length;r++)(t=(e=s[r]).getAttribute("data-secret"))||(t=Math.random().toString(36).substring(2,12),e.src+="#?secret="+t,e.setAttribute("data-secret",t)),e.contentWindow.postMessage({message:"ready",secret:t},"*")},!1)))}(window,document);
//# sourceURL=https://www.jb.pt/wp-includes/js/wp-embed.min.js
/* ]]> */
</script>

Foi o utente n.º 1 da valência de Centro de Dia, do Centro Social de Nossa Senhora do Ó de Aguim. No dia em que completou cem anos de vida (15 de janeiro), António Rolo regressou à instituição para celebrar tão significativa data.
